{"id":259,"date":"2023-05-30T14:27:10","date_gmt":"2023-05-30T17:27:10","guid":{"rendered":"https:\/\/sh.rasystem.com.br\/?page_id=259"},"modified":"2024-01-31T14:40:53","modified_gmt":"2024-01-31T17:40:53","slug":"meio-ambiente","status":"publish","type":"page","link":"https:\/\/sh.rasystem.com.br\/?page_id=259","title":{"rendered":"Meio Ambiente"},"content":{"rendered":"\t\t<div data-elementor-type=\"wp-page\" data-elementor-id=\"259\" class=\"elementor elementor-259\" data-elementor-post-type=\"page\">\n\t\t\t\t<div data-particle_enable=\"false\" data-particle-mobile-disabled=\"false\" class=\"has_ae_slider elementor-element elementor-element-419b07ca e-con-full e-flex ae-bg-gallery-type-default e-con e-parent\" data-id=\"419b07ca\" data-element_type=\"container\">\n\t\t<div data-particle_enable=\"false\" data-particle-mobile-disabled=\"false\" class=\"has_ae_slider elementor-element elementor-element-6d2c8677 e-con-full e-flex ae-bg-gallery-type-default e-con e-child\" data-id=\"6d2c8677\" data-element_type=\"container\" data-settings=\"{&quot;background_background&quot;:&quot;classic&quot;}\">\n\t\t\t\t<div class=\"elementor-element elementor-element-228dd79 elementor-widget elementor-widget-ee-breadcrumbs\" data-id=\"228dd79\" data-element_type=\"widget\" data-widget_type=\"ee-breadcrumbs.default\">\n\t\t\t\t<div class=\"elementor-widget-container\">\n\t\t\t\t\t<ul class=\"ee-breadcrumbs\"><\/ul>\t\t\t\t<\/div>\n\t\t\t\t<\/div>\n\t\t\t\t<\/div>\n\t\t<div data-particle_enable=\"false\" data-particle-mobile-disabled=\"false\" class=\"has_ae_slider elementor-element elementor-element-16fcfc70 e-con-full e-flex ae-bg-gallery-type-default e-con e-child\" data-id=\"16fcfc70\" data-element_type=\"container\" data-settings=\"{&quot;background_background&quot;:&quot;classic&quot;,&quot;position&quot;:&quot;absolute&quot;}\">\n\t\t\t\t<div class=\"elementor-element elementor-element-7b93af88 elementor-widget elementor-widget-heading\" data-id=\"7b93af88\" data-element_type=\"widget\" data-widget_type=\"heading.default\">\n\t\t\t\t<div class=\"elementor-widget-container\">\n\t\t\t\t\t<h1 class=\"elementor-heading-title elementor-size-default\">Meio Ambiente<\/h1>\t\t\t\t<\/div>\n\t\t\t\t<\/div>\n\t\t\t\t<\/div>\n\t\t\t\t<\/div>\n\t\t<div data-particle_enable=\"false\" data-particle-mobile-disabled=\"false\" class=\"has_ae_slider elementor-element elementor-element-ec5bd7c e-flex e-con-boxed ae-bg-gallery-type-default e-con e-parent\" data-id=\"ec5bd7c\" data-element_type=\"container\">\n\t\t\t\t\t<div class=\"e-con-inner\">\n\t\t<div data-particle_enable=\"false\" data-particle-mobile-disabled=\"false\" class=\"has_ae_slider elementor-element elementor-element-73fbd27 e-flex e-con-boxed ae-bg-gallery-type-default e-con e-child\" data-id=\"73fbd27\" data-element_type=\"container\">\n\t\t\t\t\t<div class=\"e-con-inner\">\n\t\t\t\t<div class=\"elementor-element elementor-element-521a6e8 elementor-widget elementor-widget-heading\" data-id=\"521a6e8\" data-element_type=\"widget\" data-widget_type=\"heading.default\">\n\t\t\t\t<div class=\"elementor-widget-container\">\n\t\t\t\t\t<h2 class=\"elementor-heading-title elementor-size-default\">Compromisso Ambiental <\/h2>\t\t\t\t<\/div>\n\t\t\t\t<\/div>\n\t\t\t\t<div class=\"elementor-element elementor-element-e945037 elementor-widget elementor-widget-text-editor\" data-id=\"e945037\" data-element_type=\"widget\" data-widget_type=\"text-editor.default\">\n\t\t\t\t<div class=\"elementor-widget-container\">\n\t\t\t\t\t\t\t\t\t<p>Nossa responsabilidade com o meio ambiente \u00e9 a ess\u00eancia da nossa miss\u00e3o. Saiba como a Santa Helena est\u00e1 dedicada a pr\u00e1ticas sustent\u00e1veis e conserva\u00e7\u00e3o ambiental. Juntos, moldamos um futuro mais verde.<\/p>\t\t\t\t\t\t\t\t<\/div>\n\t\t\t\t<\/div>\n\t\t\t\t\t<\/div>\n\t\t\t\t<\/div>\n\t\t\t\t<div class=\"elementor-element elementor-element-021f4e9 elementor-grid-3 elementor-grid-tablet-2 elementor-grid-mobile-1 elementor-widget elementor-widget-loop-grid\" data-id=\"021f4e9\" data-element_type=\"widget\" data-settings=\"{&quot;template_id&quot;:&quot;1672&quot;,&quot;_skin&quot;:&quot;post&quot;,&quot;columns&quot;:&quot;3&quot;,&quot;columns_tablet&quot;:&quot;2&quot;,&quot;columns_mobile&quot;:&quot;1&quot;,&quot;edit_handle_selector&quot;:&quot;[data-elementor-type=\\&quot;loop-item\\&quot;]&quot;,&quot;row_gap&quot;:{&quot;unit&quot;:&quot;px&quot;,&quot;size&quot;:&quot;&quot;,&quot;sizes&quot;:[]},&quot;row_gap_tablet&quot;:{&quot;unit&quot;:&quot;px&quot;,&quot;size&quot;:&quot;&quot;,&quot;sizes&quot;:[]},&quot;row_gap_mobile&quot;:{&quot;unit&quot;:&quot;px&quot;,&quot;size&quot;:&quot;&quot;,&quot;sizes&quot;:[]}}\" data-widget_type=\"loop-grid.post\">\n\t\t\t\t<div class=\"elementor-widget-container\">\n\t\t\t\t\t\t\t<div class=\"elementor-loop-container elementor-grid\" role=\"list\">\n\t\t<style id=\"loop-dynamic-1672\">.e-loop-item-1680 .elementor-element.elementor-element-8232924:not(.elementor-motion-effects-element-type-background), .e-loop-item-1680 .elementor-element.elementor-element-8232924 > .elementor-motion-effects-container > .elementor-motion-effects-layer{background-image:url(\"https:\/\/sh.rasystem.com.br\/wp-content\/uploads\/2023\/10\/8533_7_COMPROMISSO_AMBIENTAL-320x320px-RECURSOS_HIDRICOS.png\");}<\/style><style id=\"loop-1672\">.elementor-widget-container .eael-protected-content-message{font-family:var( --e-global-typography-secondary-font-family ), Sans-serif;font-weight:var( --e-global-typography-secondary-font-weight );}.elementor-widget-container .protected-content-error-msg{font-family:var( --e-global-typography-secondary-font-family ), Sans-serif;font-weight:var( --e-global-typography-secondary-font-weight );}.elementor-1672 .elementor-element.elementor-element-7808d1b{--display:flex;}.elementor-1672 .elementor-element.elementor-element-8232924{--display:flex;--min-height:280px;--border-radius:30px 30px 30px 30px;--padding-top:0px;--padding-bottom:0px;--padding-left:0px;--padding-right:0px;}.elementor-1672 .elementor-element.elementor-element-8232924:not(.elementor-motion-effects-element-type-background), .elementor-1672 .elementor-element.elementor-element-8232924 > .elementor-motion-effects-container > .elementor-motion-effects-layer{background-color:var( --e-global-color-primary );background-position:center center;background-repeat:no-repeat;background-size:cover;}.elementor-widget-heading .eael-protected-content-message{font-family:var( --e-global-typography-secondary-font-family ), Sans-serif;font-weight:var( --e-global-typography-secondary-font-weight );}.elementor-widget-heading .protected-content-error-msg{font-family:var( --e-global-typography-secondary-font-family ), Sans-serif;font-weight:var( --e-global-typography-secondary-font-weight );}.elementor-widget-heading .elementor-heading-title{font-family:var( --e-global-typography-primary-font-family ), Sans-serif;font-weight:var( --e-global-typography-primary-font-weight );color:var( --e-global-color-primary );}.elementor-1672 .elementor-element.elementor-element-0ca2e3b .elementor-heading-title{font-family:\"neo-sans-pro\", Sans-serif;font-weight:600;}.elementor-widget-theme-post-content .eael-protected-content-message{font-family:var( --e-global-typography-secondary-font-family ), Sans-serif;font-weight:var( --e-global-typography-secondary-font-weight );}.elementor-widget-theme-post-content .protected-content-error-msg{font-family:var( --e-global-typography-secondary-font-family ), Sans-serif;font-weight:var( --e-global-typography-secondary-font-weight );}.elementor-widget-theme-post-content{color:var( --e-global-color-text );font-family:var( --e-global-typography-text-font-family ), Sans-serif;font-weight:var( --e-global-typography-text-font-weight );}.elementor-1672 .elementor-element.elementor-element-0db5761{color:var( --e-global-color-f375eea );font-family:\"neo-sans-pro\", Sans-serif;font-weight:400;}@media(max-width:767px){.elementor-1672 .elementor-element.elementor-element-7808d1b{--padding-top:0px;--padding-bottom:0px;--padding-left:0px;--padding-right:0px;}.elementor-1672 .elementor-element.elementor-element-8232924{--min-height:280px;}}@media(min-width:768px){.elementor-1672 .elementor-element.elementor-element-7808d1b{--content-width:460px;}}<\/style>\t\t<div data-elementor-type=\"loop-item\" data-elementor-id=\"1672\" class=\"elementor elementor-1672 e-loop-item e-loop-item-1680 post-1680 post type-post status-publish format-standard has-post-thumbnail hentry category-meio-ambiente\" data-elementor-post-type=\"elementor_library\" data-custom-edit-handle=\"1\">\n\t\t\t<div data-particle_enable=\"false\" data-particle-mobile-disabled=\"false\" class=\"has_ae_slider elementor-element elementor-element-7808d1b e-flex e-con-boxed ae-bg-gallery-type-default e-con e-parent\" data-id=\"7808d1b\" data-element_type=\"container\">\n\t\t\t\t\t<div class=\"e-con-inner\">\n\t\t<div data-particle_enable=\"false\" data-particle-mobile-disabled=\"false\" class=\"has_ae_slider elementor-element elementor-element-8232924 e-con-full e-flex ae-bg-gallery-type-default e-con e-parent\" data-id=\"8232924\" data-element_type=\"container\" data-settings=\"{&quot;background_background&quot;:&quot;classic&quot;}\">\n\t\t\t\t<\/div>\n\t\t\t\t<div class=\"elementor-element elementor-element-0ca2e3b elementor-widget elementor-widget-heading\" data-id=\"0ca2e3b\" data-element_type=\"widget\" data-widget_type=\"heading.default\">\n\t\t\t\t<div class=\"elementor-widget-container\">\n\t\t\t\t\t<h2 class=\"elementor-heading-title elementor-size-default\">Recursos h\u00eddricos<\/h2>\t\t\t\t<\/div>\n\t\t\t\t<\/div>\n\t\t\t\t<div class=\"elementor-element elementor-element-0db5761 elementor-widget elementor-widget-theme-post-content\" data-id=\"0db5761\" data-element_type=\"widget\" data-widget_type=\"theme-post-content.default\">\n\t\t\t\t<div class=\"elementor-widget-container\">\n\t\t\t\t\t\n<p>A capta\u00e7\u00e3o de \u00e1gua \u00e9 realizada atrav\u00e9s de po\u00e7o semi artesiano e as an\u00e1lises de qualidade da \u00e1gua s\u00e3o realizadas periodicamente na unidade, o que garante seguran\u00e7a para o consumo e utiliza\u00e7\u00e3o na opera\u00e7\u00e3o.<\/p>\n\n\n\n<p>O tratamento e descarte de efluentes gerados pela opera\u00e7\u00e3o fabril ocorre de acordo com as normativas regulat\u00f3rias e tem monitoramento frequente.<\/p>\n\t\t\t\t<\/div>\n\t\t\t\t<\/div>\n\t\t\t\t\t<\/div>\n\t\t\t\t<\/div>\n\t\t\t\t<\/div>\n\t\t<style id=\"loop-dynamic-1672\">.e-loop-item-1682 .elementor-element.elementor-element-8232924:not(.elementor-motion-effects-element-type-background), .e-loop-item-1682 .elementor-element.elementor-element-8232924 > .elementor-motion-effects-container > .elementor-motion-effects-layer{background-image:url(\"https:\/\/sh.rasystem.com.br\/wp-content\/uploads\/2023\/05\/img2-meio.png\");}<\/style>\t\t<div data-elementor-type=\"loop-item\" data-elementor-id=\"1672\" class=\"elementor elementor-1672 e-loop-item e-loop-item-1682 post-1682 post type-post status-publish format-standard has-post-thumbnail hentry category-meio-ambiente\" data-elementor-post-type=\"elementor_library\" data-custom-edit-handle=\"1\">\n\t\t\t<div data-particle_enable=\"false\" data-particle-mobile-disabled=\"false\" class=\"has_ae_slider elementor-element elementor-element-7808d1b e-flex e-con-boxed ae-bg-gallery-type-default e-con e-parent\" data-id=\"7808d1b\" data-element_type=\"container\">\n\t\t\t\t\t<div class=\"e-con-inner\">\n\t\t<div data-particle_enable=\"false\" data-particle-mobile-disabled=\"false\" class=\"has_ae_slider elementor-element elementor-element-8232924 e-con-full e-flex ae-bg-gallery-type-default e-con e-parent\" data-id=\"8232924\" data-element_type=\"container\" data-settings=\"{&quot;background_background&quot;:&quot;classic&quot;}\">\n\t\t\t\t<\/div>\n\t\t\t\t<div class=\"elementor-element elementor-element-0ca2e3b elementor-widget elementor-widget-heading\" data-id=\"0ca2e3b\" data-element_type=\"widget\" data-widget_type=\"heading.default\">\n\t\t\t\t<div class=\"elementor-widget-container\">\n\t\t\t\t\t<h2 class=\"elementor-heading-title elementor-size-default\">Recursos energ\u00e9ticos<\/h2>\t\t\t\t<\/div>\n\t\t\t\t<\/div>\n\t\t\t\t<div class=\"elementor-element elementor-element-0db5761 elementor-widget elementor-widget-theme-post-content\" data-id=\"0db5761\" data-element_type=\"widget\" data-widget_type=\"theme-post-content.default\">\n\t\t\t\t<div class=\"elementor-widget-container\">\n\t\t\t\t\t\n<p>A efici\u00eancia energ\u00e9tica traz ganhos tanto operacionais quanto redu\u00e7\u00e3o de impactos ao meio ambiente e clima. Para isso, a Santa Helena conta com um time de Engenharia que desenvolve melhorias para redu\u00e7\u00e3o do consumo e estudos de novas tecnologias para energias renov\u00e1veis.<\/p>\n\n\n\n<p>Em atendimento ao Decreto n\u00ba 52.762, 28 de fevereiro de 2008, \u00e9 realizada a compensa\u00e7\u00e3o florestal da lenha utilizada para gera\u00e7\u00e3o de energia.<\/p>\n\t\t\t\t<\/div>\n\t\t\t\t<\/div>\n\t\t\t\t\t<\/div>\n\t\t\t\t<\/div>\n\t\t\t\t<\/div>\n\t\t<style id=\"loop-dynamic-1672\">.e-loop-item-1690 .elementor-element.elementor-element-8232924:not(.elementor-motion-effects-element-type-background), .e-loop-item-1690 .elementor-element.elementor-element-8232924 > .elementor-motion-effects-container > .elementor-motion-effects-layer{background-image:url(\"https:\/\/sh.rasystem.com.br\/wp-content\/uploads\/2023\/10\/8533_7_COMPROMISSO_AMBIENTAL-320x320px-RESI_SOLIDOS-1.png\");}<\/style>\t\t<div data-elementor-type=\"loop-item\" data-elementor-id=\"1672\" class=\"elementor elementor-1672 e-loop-item e-loop-item-1690 post-1690 post type-post status-publish format-standard has-post-thumbnail hentry category-meio-ambiente\" data-elementor-post-type=\"elementor_library\" data-custom-edit-handle=\"1\">\n\t\t\t<div data-particle_enable=\"false\" data-particle-mobile-disabled=\"false\" class=\"has_ae_slider elementor-element elementor-element-7808d1b e-flex e-con-boxed ae-bg-gallery-type-default e-con e-parent\" data-id=\"7808d1b\" data-element_type=\"container\">\n\t\t\t\t\t<div class=\"e-con-inner\">\n\t\t<div data-particle_enable=\"false\" data-particle-mobile-disabled=\"false\" class=\"has_ae_slider elementor-element elementor-element-8232924 e-con-full e-flex ae-bg-gallery-type-default e-con e-parent\" data-id=\"8232924\" data-element_type=\"container\" data-settings=\"{&quot;background_background&quot;:&quot;classic&quot;}\">\n\t\t\t\t<\/div>\n\t\t\t\t<div class=\"elementor-element elementor-element-0ca2e3b elementor-widget elementor-widget-heading\" data-id=\"0ca2e3b\" data-element_type=\"widget\" data-widget_type=\"heading.default\">\n\t\t\t\t<div class=\"elementor-widget-container\">\n\t\t\t\t\t<h2 class=\"elementor-heading-title elementor-size-default\">Res\u00edduos s\u00f3lidos<\/h2>\t\t\t\t<\/div>\n\t\t\t\t<\/div>\n\t\t\t\t<div class=\"elementor-element elementor-element-0db5761 elementor-widget elementor-widget-theme-post-content\" data-id=\"0db5761\" data-element_type=\"widget\" data-widget_type=\"theme-post-content.default\">\n\t\t\t\t<div class=\"elementor-widget-container\">\n\t\t\t\t\t\n<p>A gest\u00e3o de res\u00edduos s\u00f3lidos, compreende desde a pr\u00e1tica de coleta seletiva, armazenamento adequado e destina\u00e7\u00e3o final para receptores de res\u00edduos qualificados. Nosso empenho se d\u00e1 para redu\u00e7\u00e3o na gera\u00e7\u00e3o de res\u00edduos com aplica\u00e7\u00e3o do conceito 5 R\u2019s e diminui\u00e7\u00e3o do descarte final em Aterro.<\/p>\n\t\t\t\t<\/div>\n\t\t\t\t<\/div>\n\t\t\t\t\t<\/div>\n\t\t\t\t<\/div>\n\t\t\t\t<\/div>\n\t\t<style id=\"loop-dynamic-1672\">.e-loop-item-1692 .elementor-element.elementor-element-8232924:not(.elementor-motion-effects-element-type-background), .e-loop-item-1692 .elementor-element.elementor-element-8232924 > .elementor-motion-effects-container > .elementor-motion-effects-layer{background-image:url(\"https:\/\/sh.rasystem.com.br\/wp-content\/uploads\/2023\/10\/8533_7_COMPROMISSO_AMBIENTAL-320x320px-LOGISTICA_REVERSAS-1.png\");}<\/style>\t\t<div data-elementor-type=\"loop-item\" data-elementor-id=\"1672\" class=\"elementor elementor-1672 e-loop-item e-loop-item-1692 post-1692 post type-post status-publish format-standard has-post-thumbnail hentry category-meio-ambiente\" data-elementor-post-type=\"elementor_library\" data-custom-edit-handle=\"1\">\n\t\t\t<div data-particle_enable=\"false\" data-particle-mobile-disabled=\"false\" class=\"has_ae_slider elementor-element elementor-element-7808d1b e-flex e-con-boxed ae-bg-gallery-type-default e-con e-parent\" data-id=\"7808d1b\" data-element_type=\"container\">\n\t\t\t\t\t<div class=\"e-con-inner\">\n\t\t<div data-particle_enable=\"false\" data-particle-mobile-disabled=\"false\" class=\"has_ae_slider elementor-element elementor-element-8232924 e-con-full e-flex ae-bg-gallery-type-default e-con e-parent\" data-id=\"8232924\" data-element_type=\"container\" data-settings=\"{&quot;background_background&quot;:&quot;classic&quot;}\">\n\t\t\t\t<\/div>\n\t\t\t\t<div class=\"elementor-element elementor-element-0ca2e3b elementor-widget elementor-widget-heading\" data-id=\"0ca2e3b\" data-element_type=\"widget\" data-widget_type=\"heading.default\">\n\t\t\t\t<div class=\"elementor-widget-container\">\n\t\t\t\t\t<h2 class=\"elementor-heading-title elementor-size-default\">Log\u00edstica reversa<\/h2>\t\t\t\t<\/div>\n\t\t\t\t<\/div>\n\t\t\t\t<div class=\"elementor-element elementor-element-0db5761 elementor-widget elementor-widget-theme-post-content\" data-id=\"0db5761\" data-element_type=\"widget\" data-widget_type=\"theme-post-content.default\">\n\t\t\t\t<div class=\"elementor-widget-container\">\n\t\t\t\t\t\n<p>Investimos em programas que contemplam a\u00e7\u00f5es de log\u00edstica reversa das embalagens p\u00f3s-consumo, prioritariamente, em associa\u00e7\u00f5es e cooperativas de catadores, colaborando para o cumprimento das metas de recupera\u00e7\u00e3o de materiais recicl\u00e1veis da Pol\u00edtica Nacional de Res\u00edduos S\u00f3lidos e contribuindo com a amplia\u00e7\u00e3o dos \u00edndices de reciclagem no pa\u00eds.<\/p>\n\t\t\t\t<\/div>\n\t\t\t\t<\/div>\n\t\t\t\t\t<\/div>\n\t\t\t\t<\/div>\n\t\t\t\t<\/div>\n\t\t<style id=\"loop-dynamic-1672\">.e-loop-item-1694 .elementor-element.elementor-element-8232924:not(.elementor-motion-effects-element-type-background), .e-loop-item-1694 .elementor-element.elementor-element-8232924 > .elementor-motion-effects-container > .elementor-motion-effects-layer{background-image:url(\"https:\/\/sh.rasystem.com.br\/wp-content\/uploads\/2023\/10\/8533_7_COMPROMISSO_AMBIENTAL-320x320px_EDU_AMBIENTAL-1.png\");}<\/style>\t\t<div data-elementor-type=\"loop-item\" data-elementor-id=\"1672\" class=\"elementor elementor-1672 e-loop-item e-loop-item-1694 post-1694 post type-post status-publish format-standard has-post-thumbnail hentry category-meio-ambiente\" data-elementor-post-type=\"elementor_library\" data-custom-edit-handle=\"1\">\n\t\t\t<div data-particle_enable=\"false\" data-particle-mobile-disabled=\"false\" class=\"has_ae_slider elementor-element elementor-element-7808d1b e-flex e-con-boxed ae-bg-gallery-type-default e-con e-parent\" data-id=\"7808d1b\" data-element_type=\"container\">\n\t\t\t\t\t<div class=\"e-con-inner\">\n\t\t<div data-particle_enable=\"false\" data-particle-mobile-disabled=\"false\" class=\"has_ae_slider elementor-element elementor-element-8232924 e-con-full e-flex ae-bg-gallery-type-default e-con e-parent\" data-id=\"8232924\" data-element_type=\"container\" data-settings=\"{&quot;background_background&quot;:&quot;classic&quot;}\">\n\t\t\t\t<\/div>\n\t\t\t\t<div class=\"elementor-element elementor-element-0ca2e3b elementor-widget elementor-widget-heading\" data-id=\"0ca2e3b\" data-element_type=\"widget\" data-widget_type=\"heading.default\">\n\t\t\t\t<div class=\"elementor-widget-container\">\n\t\t\t\t\t<h2 class=\"elementor-heading-title elementor-size-default\">Educa\u00e7\u00e3o ambiental<\/h2>\t\t\t\t<\/div>\n\t\t\t\t<\/div>\n\t\t\t\t<div class=\"elementor-element elementor-element-0db5761 elementor-widget elementor-widget-theme-post-content\" data-id=\"0db5761\" data-element_type=\"widget\" data-widget_type=\"theme-post-content.default\">\n\t\t\t\t<div class=\"elementor-widget-container\">\n\t\t\t\t\t\n<p>Acreditamos que a Educa\u00e7\u00e3o Ambiental \u00e9 o principal instrumento para processar as transforma\u00e7\u00f5es necess\u00e1rias nas mudan\u00e7as de comportamento e atitudes das pessoas. Treinamentos, palestras e a\u00e7\u00f5es l\u00fadicas fazem parte do nosso escopo de trabalho.<\/p>\n\t\t\t\t<\/div>\n\t\t\t\t<\/div>\n\t\t\t\t\t<\/div>\n\t\t\t\t<\/div>\n\t\t\t\t<\/div>\n\t\t\t\t<\/div>\n\t\t\n\t\t\t\t\t\t<\/div>\n\t\t\t\t<\/div>\n\t\t\t\t\t<\/div>\n\t\t\t\t<\/div>\n\t\t\t\t<\/div>\n\t\t","protected":false},"excerpt":{"rendered":"<p>Meio Ambiente Compromisso Ambiental Nossa responsabilidade com o meio ambiente \u00e9 a ess\u00eancia da nossa miss\u00e3o. Saiba como a Santa Helena est\u00e1 dedicada a pr\u00e1ticas sustent\u00e1veis e conserva\u00e7\u00e3o ambiental. Juntos, moldamos um futuro mais verde.<\/p>\n","protected":false},"author":1,"featured_media":0,"parent":0,"menu_order":0,"comment_status":"closed","ping_status":"closed","template":"","meta":{"_acf_changed":false,"site-sidebar-layout":"no-sidebar","site-content-layout":"page-builder","ast-site-content-layout":"","site-content-style":"default","site-sidebar-style":"default","ast-global-header-display":"","ast-banner-title-visibility":"","ast-main-header-display":"","ast-hfb-above-header-display":"","ast-hfb-below-header-display":"","ast-hfb-mobile-header-display":"","site-post-title":"disabled","ast-breadcrumbs-content":"","ast-featured-img":"disabled","footer-sml-layout":"","theme-transparent-header-meta":"","adv-header-id-meta":"","stick-header-meta":"","header-above-stick-meta":"","header-main-stick-meta":"","header-below-stick-meta":"","astra-migrate-meta-layouts":"default","ast-page-background-enabled":"default","ast-page-background-meta":{"desktop":{"background-color":"var(--ast-global-color-4)","background-image":"","background-repeat":"repeat","background-position":"center center","background-size":"auto","background-attachment":"scroll","background-type":"","background-media":"","overlay-type":"","overlay-color":"","overlay-gradient":""},"tablet":{"background-color":"","background-image":"","background-repeat":"repeat","background-position":"center center","background-size":"auto","background-attachment":"scroll","background-type":"","background-media":"","overlay-type":"","overlay-color":"","overlay-gradient":""},"mobile":{"background-color":"","background-image":"","background-repeat":"repeat","background-position":"center center","background-size":"auto","background-attachment":"scroll","background-type":"","background-media":"","overlay-type":"","overlay-color":"","overlay-gradient":""}},"ast-content-background-meta":{"desktop":{"background-color":"var(--ast-global-color-5)","background-image":"","background-repeat":"repeat","background-position":"center center","background-size":"auto","background-attachment":"scroll","background-type":"","background-media":"","overlay-type":"","overlay-color":"","overlay-gradient":""},"tablet":{"background-color":"var(--ast-global-color-5)","background-image":"","background-repeat":"repeat","background-position":"center center","background-size":"auto","background-attachment":"scroll","background-type":"","background-media":"","overlay-type":"","overlay-color":"","overlay-gradient":""},"mobile":{"background-color":"var(--ast-global-color-5)","background-image":"","background-repeat":"repeat","background-position":"center center","background-size":"auto","background-attachment":"scroll","background-type":"","background-media":"","overlay-type":"","overlay-color":"","overlay-gradient":""}},"footnotes":""},"class_list":["post-259","page","type-page","status-publish","hentry"],"acf":[],"_links":{"self":[{"href":"https:\/\/sh.rasystem.com.br\/index.php?rest_route=\/wp\/v2\/pages\/259","targetHints":{"allow":["GET"]}}],"collection":[{"href":"https:\/\/sh.rasystem.com.br\/index.php?rest_route=\/wp\/v2\/pages"}],"about":[{"href":"https:\/\/sh.rasystem.com.br\/index.php?rest_route=\/wp\/v2\/types\/page"}],"author":[{"embeddable":true,"href":"https:\/\/sh.rasystem.com.br\/index.php?rest_route=\/wp\/v2\/users\/1"}],"replies":[{"embeddable":true,"href":"https:\/\/sh.rasystem.com.br\/index.php?rest_route=%2Fwp%2Fv2%2Fcomments&post=259"}],"version-history":[{"count":100,"href":"https:\/\/sh.rasystem.com.br\/index.php?rest_route=\/wp\/v2\/pages\/259\/revisions"}],"predecessor-version":[{"id":3207,"href":"https:\/\/sh.rasystem.com.br\/index.php?rest_route=\/wp\/v2\/pages\/259\/revisions\/3207"}],"wp:attachment":[{"href":"https:\/\/sh.rasystem.com.br\/index.php?rest_route=%2Fwp%2Fv2%2Fmedia&parent=259"}],"curies":[{"name":"wp","href":"https:\/\/api.w.org\/{rel}","templated":true}]}}