{"id":4358,"date":"2024-07-09T09:29:36","date_gmt":"2024-07-09T12:29:36","guid":{"rendered":"https:\/\/sh.rasystem.com.br\/?post_type=product&#038;p=4358"},"modified":"2024-10-10T12:49:28","modified_gmt":"2024-10-10T15:49:28","slug":"bala-masticable-pacoquita-zero-paquete-50g","status":"publish","type":"product","link":"https:\/\/sh.rasystem.com.br\/?product=bala-masticable-pacoquita-zero-paquete-50g&lang=es","title":{"rendered":"Bala masticable Pa\u00e7oquita Zero Paquete 50g"},"content":{"rendered":"<p class=\"p1\"><b>PESO DEL PAQUETE \u2013 NETO: 50 g<\/b><\/p>\n<p class=\"p1\"><strong>INGREDIENTES<\/strong>: Cacahuete, grasa vegetal hidrogenada, maltodextrina, fructooligosac\u00e1rido, sal, agentes corporales de maltitol e isomalt xaope, humectante de sorbitol, espesantes de pectina y goma ar\u00e1biga, emulsionantes de lecitina de soja, mono y diglic\u00e9ridos de \u00e1cidos grasos, edulcorantes artificiales sucralosa, acesulfamo-K y saborizante artificial de vainilla.<\/p>\n<p class=\"p1\"><strong>AL\u00c9RGENOS<\/strong>: CONTIENE MAN\u00cd, derivados y DERIVADOS DE TRIGO y SOJA. contiene gluten. Con sabor artificial.<\/p>\n<p class=\"p1\">Producto exento de registro sanitario, seg\u00fan Resoluci\u00f3n RDC N \u00b0 27\/2010 ANVISA.<\/p>\n<p class=\"p1\">Diab\u00e9ticos: contiene sacarosa presente de forma natural en las materias primas utilizadas. Consumir preferentemente bajo orientaci\u00f3n nutricional o m\u00e9dica. Almacene en un lugar fresco y seco.<\/p>\n","protected":false},"excerpt":{"rendered":"<p class=\"p1\">Los dulces masticables Pa\u00e7oquita son los primeros dulces masticables sin az\u00facar en Brasil. Con excelente sabor tiene \u00e9xito entre los consumidores que buscan una dieta sin az\u00facar.<\/p>\n","protected":false},"featured_media":4359,"comment_status":"open","ping_status":"closed","template":"","meta":{"_acf_changed":false,"site-sidebar-layout":"default","site-content-layout":"default","ast-site-content-layout":"default","site-content-style":"default","site-sidebar-style":"default","ast-global-header-display":"","ast-banner-title-visibility":"","ast-main-header-display":"","ast-hfb-above-header-display":"","ast-hfb-below-header-display":"","ast-hfb-mobile-header-display":"","site-post-title":"","ast-breadcrumbs-content":"","ast-featured-img":"","footer-sml-layout":"","theme-transparent-header-meta":"default","adv-header-id-meta":"","stick-header-meta":"","header-above-stick-meta":"","header-main-stick-meta":"","header-below-stick-meta":"","astra-migrate-meta-layouts":"set","ast-page-background-enabled":"default","ast-page-background-meta":{"desktop":{"background-color":"var(--ast-global-color-4)","background-image":"","background-repeat":"repeat","background-position":"center center","background-size":"auto","background-attachment":"scroll","background-type":"","background-media":"","overlay-type":"","overlay-color":"","overlay-gradient":""},"tablet":{"background-color":"","background-image":"","background-repeat":"repeat","background-position":"center center","background-size":"auto","background-attachment":"scroll","background-type":"","background-media":"","overlay-type":"","overlay-color":"","overlay-gradient":""},"mobile":{"background-color":"","background-image":"","background-repeat":"repeat","background-position":"center center","background-size":"auto","background-attachment":"scroll","background-type":"","background-media":"","overlay-type":"","overlay-color":"","overlay-gradient":""}},"ast-content-background-meta":{"desktop":{"background-color":"var(--ast-global-color-5)","background-image":"","background-repeat":"repeat","background-position":"center center","background-size":"auto","background-attachment":"scroll","background-type":"","background-media":"","overlay-type":"","overlay-color":"","overlay-gradient":""},"tablet":{"background-color":"var(--ast-global-color-5)","background-image":"","background-repeat":"repeat","background-position":"center center","background-size":"auto","background-attachment":"scroll","background-type":"","background-media":"","overlay-type":"","overlay-color":"","overlay-gradient":""},"mobile":{"background-color":"var(--ast-global-color-5)","background-image":"","background-repeat":"repeat","background-position":"center center","background-size":"auto","background-attachment":"scroll","background-type":"","background-media":"","overlay-type":"","overlay-color":"","overlay-gradient":""}}},"product_brand":[],"product_cat":[608],"product_tag":[],"class_list":{"0":"post-4358","1":"product","2":"type-product","3":"status-publish","4":"has-post-thumbnail","6":"product_cat-masticable","7":"desktop-align-left","8":"tablet-align-left","9":"mobile-align-left","11":"first","12":"instock","13":"shipping-taxable","14":"product-type-simple"},"acf":[],"_links":{"self":[{"href":"https:\/\/sh.rasystem.com.br\/index.php?rest_route=\/wp\/v2\/product\/4358","targetHints":{"allow":["GET"]}}],"collection":[{"href":"https:\/\/sh.rasystem.com.br\/index.php?rest_route=\/wp\/v2\/product"}],"about":[{"href":"https:\/\/sh.rasystem.com.br\/index.php?rest_route=\/wp\/v2\/types\/product"}],"replies":[{"embeddable":true,"href":"https:\/\/sh.rasystem.com.br\/index.php?rest_route=%2Fwp%2Fv2%2Fcomments&post=4358"}],"wp:featuredmedia":[{"embeddable":true,"href":"https:\/\/sh.rasystem.com.br\/index.php?rest_route=\/wp\/v2\/media\/4359"}],"wp:attachment":[{"href":"https:\/\/sh.rasystem.com.br\/index.php?rest_route=%2Fwp%2Fv2%2Fmedia&parent=4358"}],"wp:term":[{"taxonomy":"product_brand","embeddable":true,"href":"https:\/\/sh.rasystem.com.br\/index.php?rest_route=%2Fwp%2Fv2%2Fproduct_brand&post=4358"},{"taxonomy":"product_cat","embeddable":true,"href":"https:\/\/sh.rasystem.com.br\/index.php?rest_route=%2Fwp%2Fv2%2Fproduct_cat&post=4358"},{"taxonomy":"product_tag","embeddable":true,"href":"https:\/\/sh.rasystem.com.br\/index.php?rest_route=%2Fwp%2Fv2%2Fproduct_tag&post=4358"}],"curies":[{"name":"wp","href":"https:\/\/api.w.org\/{rel}","templated":true}]}}